[INFO] fetching crate netlink-packet-core 0.2.0...
[INFO] checking netlink-packet-core-0.2.0 against master#af3c6e733a40e671550e0f0f5aeecaa13772ba56 for pr-74989
[INFO] extracting crate netlink-packet-core 0.2.0 into /workspace/builds/worker-8/source
[INFO] validating manifest of crates.io crate netlink-packet-core 0.2.0 on toolchain af3c6e733a40e671550e0f0f5aeecaa13772ba56
[INFO] running `Command { std: "/workspace/cargo-home/bin/cargo" "+af3c6e733a40e671550e0f0f5aeecaa13772ba56" "read-manifest" "--manifest-path" "Cargo.toml", kill_on_drop: false }`
[INFO] started tweaking crates.io crate netlink-packet-core 0.2.0
[INFO] finished tweaking crates.io crate netlink-packet-core 0.2.0
[INFO] tweaked toml for crates.io crate netlink-packet-core 0.2.0 written to /workspace/builds/worker-8/source/Cargo.toml
[INFO] crate crates.io crate netlink-packet-core 0.2.0 already has a lockfile, it will not be regenerated
[INFO] running `Command { std: "/workspace/cargo-home/bin/cargo" "+af3c6e733a40e671550e0f0f5aeecaa13772ba56" "fetch" "--locked" "--manifest-path" "Cargo.toml", kill_on_drop: false }`
[INFO] running `Command { std: "docker" "create" "-v" "/var/lib/crater-agent-workspace/builds/worker-8/target:/opt/rustwide/target:rw,Z" "-v" "/var/lib/crater-agent-workspace/builds/worker-8/source:/opt/rustwide/workdir:ro,Z" "-v" "/var/lib/crater-agent-workspace/cargo-home:/opt/rustwide/cargo-home:ro,Z" "-v" "/var/lib/crater-agent-workspace/rustup-home:/opt/rustwide/rustup-home:ro,Z" "-e" "SOURCE_DIR=/opt/rustwide/workdir" "-e" "CARGO_TARGET_DIR=/opt/rustwide/target" "-e" "CARGO_HOME=/opt/rustwide/cargo-home" "-e" "RUSTUP_HOME=/opt/rustwide/rustup-home" "-w" "/opt/rustwide/workdir" "-m" "1610612736" "--user" "0:0" "--network" "none" "rustops/crates-build-env@sha256:d92eaeed33fa75130ca1ee6c8a01d1ffb62bac859dfdfb3450e3e5d1c0146529" "/opt/rustwide/cargo-home/bin/cargo" "+af3c6e733a40e671550e0f0f5aeecaa13772ba56" "metadata" "--no-deps" "--format-version=1", kill_on_drop: false }`
[INFO] [stdout] ae8da2786debb72697011af4d1ceb37121f65223f3b660d8ce5b9129f8b29d9c
[INFO] [stderr] WARNING: Your kernel does not support swap limit capabilities or the cgroup is not mounted. Memory limited without swap.
[INFO] running `Command { std: "docker" "start" "-a" "ae8da2786debb72697011af4d1ceb37121f65223f3b660d8ce5b9129f8b29d9c", kill_on_drop: false }`
[INFO] running `Command { std: "docker" "inspect" "ae8da2786debb72697011af4d1ceb37121f65223f3b660d8ce5b9129f8b29d9c", kill_on_drop: false }`
[INFO] running `Command { std: "docker" "rm" "-f" "ae8da2786debb72697011af4d1ceb37121f65223f3b660d8ce5b9129f8b29d9c", kill_on_drop: false }`
[INFO] [stdout] ae8da2786debb72697011af4d1ceb37121f65223f3b660d8ce5b9129f8b29d9c
[INFO] running `Command { std: "docker" "create" "-v" "/var/lib/crater-agent-workspace/builds/worker-8/target:/opt/rustwide/target:rw,Z" "-v" "/var/lib/crater-agent-workspace/builds/worker-8/source:/opt/rustwide/workdir:ro,Z" "-v" "/var/lib/crater-agent-workspace/cargo-home:/opt/rustwide/cargo-home:ro,Z" "-v" "/var/lib/crater-agent-workspace/rustup-home:/opt/rustwide/rustup-home:ro,Z" "-e" "SOURCE_DIR=/opt/rustwide/workdir" "-e" "CARGO_TARGET_DIR=/opt/rustwide/target" "-e" "CARGO_INCREMENTAL=0" "-e" "RUST_BACKTRACE=full" "-e" "RUSTFLAGS=--cap-lints=forbid" "-e" "CARGO_HOME=/opt/rustwide/cargo-home" "-e" "RUSTUP_HOME=/opt/rustwide/rustup-home" "-w" "/opt/rustwide/workdir" "-m" "1610612736" "--user" "0:0" "--network" "none" "rustops/crates-build-env@sha256:d92eaeed33fa75130ca1ee6c8a01d1ffb62bac859dfdfb3450e3e5d1c0146529" "/opt/rustwide/cargo-home/bin/cargo" "+af3c6e733a40e671550e0f0f5aeecaa13772ba56" "check" "--frozen" "--all" "--all-targets" "--message-format=json", kill_on_drop: false }`
[INFO] [stdout] 70aaa673cc09eaac1a20cb818280d0b739691d17672a58090d1cc28e018a98ef
[INFO] [stderr] WARNING: Your kernel does not support swap limit capabilities or the cgroup is not mounted. Memory limited without swap.
[INFO] running `Command { std: "docker" "start" "-a" "70aaa673cc09eaac1a20cb818280d0b739691d17672a58090d1cc28e018a98ef", kill_on_drop: false }`
[INFO] [stderr]    Compiling proc-macro2 v1.0.18
[INFO] [stderr]    Compiling unicode-xid v0.2.0
[INFO] [stderr]    Compiling syn v1.0.31
[INFO] [stderr]    Compiling proc-macro-hack v0.5.16
[INFO] [stderr]    Compiling libc v0.2.71
[INFO] [stderr]     Checking anyhow v1.0.31
[INFO] [stderr]    Compiling quote v1.0.7
[INFO] [stderr]    Compiling paste-impl v0.1.16
[INFO] [stderr]    Compiling thiserror-impl v1.0.19
[INFO] [stderr]     Checking paste v0.1.16
[INFO] [stderr]     Checking thiserror v1.0.19
[INFO] [stderr]     Checking netlink-packet-utils v0.2.0
[INFO] [stderr]     Checking netlink-packet-core v0.2.0 (/opt/rustwide/workdir)
[INFO] [stdout] error[E0433]: failed to resolve: use of undeclared type or module `netlink_packet_route`
[INFO] [stdout]  --> examples/rtnetlink.rs:2:5
[INFO] [stdout]   |
[INFO] [stdout] 2 | use netlink_packet_route::rtnl::{LinkMessage, RtnlMessage};
[INFO] [stdout]   |     ^^^^^^^^^^^^^^^^^^^^ use of undeclared type or module `netlink_packet_route`
[INFO] [stdout] 
[INFO] [stdout] 
[INFO] [stdout] error[E0433]: failed to resolve: use of undeclared type or module `RtnlMessage`
[INFO] [stdout]   --> examples/rtnetlink.rs:13:18
[INFO] [stdout]    |
[INFO] [stdout] 13 |         payload: RtnlMessage::GetLink(LinkMessage::default()).into(),
[INFO] [stdout]    |                  ^^^^^^^^^^^ use of undeclared type or module `RtnlMessage`
[INFO] [stdout] 
[INFO] [stdout] 
[INFO] [stdout] error[E0433]: failed to resolve: use of undeclared type or module `LinkMessage`
[INFO] [stdout]   --> examples/rtnetlink.rs:13:39
[INFO] [stdout]    |
[INFO] [stdout] 13 |         payload: RtnlMessage::GetLink(LinkMessage::default()).into(),
[INFO] [stdout]    |                                       ^^^^^^^^^^^ use of undeclared type or module `LinkMessage`
[INFO] [stdout] 
[INFO] [stdout] 
[INFO] [stdout] error[E0412]: cannot find type `RtnlMessage` in this scope
[INFO] [stdout]   --> examples/rtnetlink.rs:35:26
[INFO] [stdout]    |
[INFO] [stdout] 35 |         NetlinkMessage::<RtnlMessage>::deserialize(&buf).expect("Failed to deserialize message");
[INFO] [stdout]    |                          ^^^^^^^^^^^ not found in this scope
[INFO] [stdout] 
[INFO] [stdout] 
[INFO] [stdout] error: aborting due to 4 previous errors
[INFO] [stdout] 
[INFO] [stdout] 
[INFO] [stdout] Some errors have detailed explanations: E0412, E0433.
[INFO] [stdout] 
[INFO] [stdout] For more information about an error, try `rustc --explain E0412`.
[INFO] [stdout] 
[INFO] [stderr] error: could not compile `netlink-packet-core`.
[INFO] [stderr] 
[INFO] [stderr] To learn more, run the command again with --verbose.
[INFO] [stderr] warning: build failed, waiting for other jobs to finish...
[INFO] [stderr] error: build failed
[INFO] running `Command { std: "docker" "inspect" "70aaa673cc09eaac1a20cb818280d0b739691d17672a58090d1cc28e018a98ef", kill_on_drop: false }`
[INFO] running `Command { std: "docker" "rm" "-f" "70aaa673cc09eaac1a20cb818280d0b739691d17672a58090d1cc28e018a98ef", kill_on_drop: false }`
[INFO] [stdout] 70aaa673cc09eaac1a20cb818280d0b739691d17672a58090d1cc28e018a98ef
